= -7*a + 5*a. Let d be a/(0/(-1) + 1/(-5)). Suppose 4*j + 370 = 2*p, d*j = 5*p - 0*j - 910. List the prime factors of p.
179
Let k = -930 - -16164. What are the prime factors of k?
2, 3, 2539
Let m be ((-456)/26)/(-3) + 6/39. Suppose m*t + 27*t - 16005 = 0. What are the prime factors of t?
5, 97
Let h = -116 - -127. Suppose -6374 = -h*m + 567. Suppose 0 = 4*o - 473 - m. What are the prime factors of o?
2, 3, 23
Suppose -r + 4 = 4*c + 20, 0 = -2*r + 4*c - 20. What are the prime factors of -14*(-36)/(-56)*r?
2, 3
Suppose -14*y - 4*y = -122238. What are the prime factors of y?
6791
Let p be ((-56)/196)/(-1 + 6/7). Suppose -32 = 3*i - p*i. Let z = 218 - i. What are the prime factors of z?
2, 5
Let v(x) = x**3 + x**2 - x + 343. Let o = 426 - 426. What are the prime factors of v(o)?
7
Let p(u) = 84*u + 19*u**2 + 63*u + 34 - 137*u. List the prime factors of p(-5).
3, 17
List the prime factors of 15/(-6 + 3) - 987/(-63)*843.
2, 7, 23, 41
Let y = 76580 - -5580. What are the prime factors of y?
2, 5, 13, 79
Suppose 5*a = r - 0*r - 34, -2*a - 4*r = -4. Let y be (70/15 + -3)*a. Let o(b) = -b + 8. What are the prime factors of o(y)?
2, 3
Let f be 21/((2/4)/((-5)/(-30))). What are the prime factors of (f - 8)/(-1 + 0) + 141?
2, 71
List the prime factors of 19651*(19 + -14 - (6 + -2)).
43, 457
Let t be 13/(-91) + (142/14 - 0). Suppose -t*a = -2*a - 240. List the prime factors of a.
2, 3, 5
Suppose -3*c = v - 3782, v - 6*c - 3774 = -7*c. What are the prime factors of v?
2, 5, 13, 29
Let p(v) = 88*v + 89. What are the prime factors of p(2)?
5, 53
Let r(s) = -s**2 - 2*s - 3. Let b be r(-2). Let o be (-1010)/(-15) - (-1)/b. Let m = o + -36. List the prime factors of m.
31
Let i = -27 - -31. Suppose -9*b = -i*b - 65. Suppose -y - 2 = -t, 5*y - 4*y = -2*t + b. What are the prime factors of y?
3
Let g(x) = -4832*x**3 - 2*x**2 - 5*x - 3. List the prime factors of g(-1).
2, 151
Let m be 8/((-2)/(-87) + 0). Let s = 10014 + -9858. Let b = m - s. List the prime factors of b.
2, 3
List the prime factors of (-100216)/(-20) + 40/200.
5011
Let k = 789 - 44. Let z = 2277 - k. List the prime factors of z.
2, 383
Suppose -41*v + 3042 = -4010. Let k(p) = 301*p - 1. Let r be k(1). Let s = r - v. List the prime factors of s.
2
Let o be ((-35)/15 - -2)*0. List the prime factors of o*1/(-4) + 5 + 21.
2, 13
Let m(a) = -a**3 - a + 6. Let x be m(0). Let b be (-3)/3*297/(-9). Let u = b - x. What are the prime factors of u?
3
Suppose w = -4*r + 3033, 0 = -w + 3 - 6. What are the prime factors of r?
3, 11, 23
Let r(z) = 233*z**2 - 154*z + 2676. List the prime factors of r(19).
13, 6451
Suppose -2*c - k + 8 + 7 = 0, -4*k = -3*c - 5. Let u(y) = -7*y - 35. Let m be u(-5). Suppose m*l = c*l - 55. What are the prime factors of l?
11
Suppose 3*j = -3*j - 12. Let r = j - -1. List the prime factors of (2 - 13)/r - -3.
2, 7
Suppose -13*p - 15*p - 15543 = -39*p. List the prime factors of p.
3, 157
Suppose -4*j - 792 = -16*u + 20*u, 0 = 3*u + 2*j + 589. Let o = u + 339. What are the prime factors of o?
2, 73
Suppose -9568*p - 34815 = -9571*p. What are the prime factors of p?
5, 11, 211
Let p = -1856 - -3420. Let g = p - 581. What are the prime factors of g?
983
Let y = -66 - -71. Suppose 0 = 3*w + 3*o - 18, -y*w = 3*o - 22 - 0. List the prime factors of 57 + 1*(w - -1).
2, 3, 5
Let c(w) = 7*w + 14. Let b(q) = 13*q + 27. Let n(j) = -6*b(j) + 11*c(j). Let s be n(-8). Suppose s = -7*x + 660 + 362. What are the prime factors of x?
2, 73
Let f(y) be the third derivative of 23*y**5/12 + y**4/12 + 4*y**3/3 - 2*y**2. Let k be f(-5). Suppose k = 11*l + 35. What are the prime factors of l?
2, 3, 43
Let a(z) = -z**3 + z**2 + z + 5. Let h be a(0). Suppose 9 + h = 7*f. Suppose -10 = -f*k, n + 4*n + 5*k - 325 = 0. What are the prime factors of n?
2, 3, 5
Suppose -26*s - 67 = -27*s. Suppose -3*n = d + d - s, -52 = -2*n - 5*d. Suppose 4*f + n - 353 = 0. List the prime factors of f.
83
List the prime factors of (938/201)/((-54123)/(-135270) - (-2)/(-5)).
2, 3, 7, 167
Let m = 18659 + -7522. What are the prime factors of m?
7, 37, 43
Suppose -11256445 = -143*g - 2457512. What are the prime factors of g?
37, 1663
Suppose 3*q - 5*q - 3*x + 3081 = 0, 0 = x + 3. Suppose 7595 = 10*i - q. List the prime factors of i.
2, 457
Let x = 423 - 460. List the prime factors of (-11 - x/3)*(816 - 0).
2, 17
Suppose -50 = -2*g + 3*d, -3*g + 41 = -2*d - 39. Let l = 54 - g. Let b = l + 6. List the prime factors of b.
2
Suppose -4*h = 5*a - 15, -23 = -2*h + 5*a - 8. Suppose 0 = h*k + 621 - 1666. What are the prime factors of k?
11, 19
Suppose -3*q + 2*h + 6 = 0, -6*q + 3*q + h = -9. What are the prime factors of 317 - ((-14)/q + 39/(-26))?
2, 7, 23
Suppose -3*m + 3*s = -42624, -101*m - 3*s = -99*m - 28406. What are the prime factors of m?
2, 7103
Let d(u) = -121*u**2 - 2*u + 2. Let w(t) = -122*t**2 - 2*t + 2. Let g(z) = 6*d(z) - 5*w(z). Let s be g(1). Let k = s + 167. What are the prime factors of k?
3, 17
Let x(c) = -6*c + 4 - 11*c**2 + c**3 - 7*c + 11. Let f be x(12). Suppose -b = 3*u - 290, u - f*u - 4*b = -190. What are the prime factors of u?
97
Let a(c) = -c - 23. Let q be a(-17). Let n be 6/4*((-217 - 5) + q). Let l = 524 + n. What are the prime factors of l?
2, 7, 13
Suppose -5*u + b + 193 - 73 = 0, -2*b = u - 24. Suppose 0 = 9*h - h - u. Let t(n) = 21*n - 19. List the prime factors of t(h).
2, 11
List the prime factors of (-826249)/(-38) - (-4)/8 - 552/(-5244).
2, 3, 151
Let n = -52063 + 79943. List the prime factors of n.
2, 5, 17, 41
Let o be -112*(980/80 - 12). Let s(a) = 51*a - 4. Let g be s(-5). Let r = o - g. List the prime factors of r.
3, 7, 11
Let f = 12672 + -6816. List the prime factors of f.
2, 3, 61
Suppose -d = 5*j - 136882, d + 167647 = 5*j + 30779. What are the prime factors of j?
3, 5, 73
Let w(n) = -n**2 + 5*n + 2. Let q be w(5). Suppose 4*g + 2*y = -776, -y = g + q*g + 583. Let z = -107 - g. List the prime factors of z.
2, 11
Let p be (-8)/6 - 721/(-21). Let x be (-14)/77 - (-402)/p. What are the prime factors of (-1142)/(-8) + (-21)/x + 2?
11, 13
Let l = -154 + 156. Suppose -b = -0 - 2. Suppose b*j = -4*d + 74, j + 2*d - 95 = -l*j. List the prime factors of j.
29
List the prime factors of (7537/(-4) + 1)/(3/(-12)).
3, 31
Suppose -6*u - 36 = -18. Let w(l) = 45*l**2 - 6*l - 5. What are the prime factors of w(u)?
2, 11, 19
Let b(v) = -925*v - 8. Let n be b(-2). Suppose -2*p - 1236 = -4*x, -p - 2*p + 3*x - n = 0. List the prime factors of p/(-6) + (-10)/15 + 0.
101
Suppose 4*o + o - 3*j = -5020, 0 = 4*o + 5*j + 4016. List the prime factors of (6 - o/(-8))*(-48)/6.
2, 239
Suppose 5 = 5*a, -3*v - 4*a - 3505 = -27332. List the prime factors of v.
3, 2647
Let p = 86 - 95. Let w(l) = -39*l - 47. List the prime factors of w(p).
2, 19
Let d(v) = 92*v**2 + 551*v + 23. List the prime factors of d(-10).
47, 79
Let p be ((-2)/6)/(10/(-90)). Suppose q = 2*c, 0 = 5*q - 0*q - p*c + 14. List the prime factors of q + 103 + (-12)/(-3).
103
Suppose -218592 = 141*u - 159*u. List the prime factors of u.
2, 3, 11, 23
Suppose -2648*c + 85338 = -2637*c. What are the prime factors of c?
2, 3, 431
Let u(l) = -26*l + 69. Let h be 6 - (1 + 2) - 198/22. List the prime factors of u(h).
3, 5
Let g(o) = 36*o + 10. Let y(m) be the first derivative of m**2 - 10. Let c(r) = -2*g(r) + 18*y(r). List the prime factors of c(-6).
2, 7
Suppose -20 = 7*y - 923. Let u = -129 + y. Suppose u = 4*p - 2*a - 840, 0 = -a - 0*a. What are the prime factors of p?
2, 3, 5, 7
Let h be 2*(9/3)/3. Suppose 0 = -q - 4*y + 500, -465 = -q - 0*q + 3*y. Suppose -3*i = 2*i + r - q, r + 199 = h*i. List the prime factors of i.
97
What are the prime factors of 140/15*12/14 - -12573?
23, 547
Let l(s) = -s**3 - 30*s**2 + 116*s - 566. List the prime factors of l(-41).
13, 1013
Let t(n) = -3*n**3 - 10*n**2 - n + 5. Let q(f) = -2*f**3 + f**2 + f - 1. Let l(p) = 5*q(p) + t(p). What are the prime factors of l(-3)?
2, 3, 7
Suppose -543 = -p + 45. Let s = -263 + p. Suppose 5*k = -4*o + s, -3*o + 3*k + 33 = -177. What are the prime factors of o?
3, 5
Let a = -933 + 3495. What are the prime factors of a?
2, 3, 7, 61
Let y(n) = 25*n - 138. Let p be y(6). Let h = p - -247. List the prime factors of h.
7, 37
Suppose a - 60168 = -16*a - 6*a. What are the prime factors of a?
2, 3, 109
Le